/84). Suppose -5*r = -3*h + f, h - 5*h + 2*r = -80. What is the units digit of h?
0
Let j = 18 - 13. Suppose -2*z - j*x + 2 = 0, -5*z + 22 = 5*x - x. Let s = 14 - z. What is the units digit of s?
8
Let o(y) = -5*y**2 + 12*y - 7. Let c be o(5). What is the hundreds digit of 304/c*-39 - (-4)/(-6)?
1
Let w be (-4)/12 - 14/(-6). Suppose -5*d + 3*o + 90 = -2*d, 0 = 3*d - w*o - 93. What is the tens digit of d?
3
Let w be (3/6)/(0 + 4/(-72)). Let u(x) = x**3 + 7*x**2 - 20*x + 12. What is the tens digit of u(w)?
3
Suppose 0 = -49*y + 15395 + 3176. What is the units digit of y?
9
Let h be (-9)/(-6)*4/3. Let s be h/(-8) + (-740)/(-16). Suppose -s = -m - m. What is the units digit of m?
3
Let j(i) = -i**2 - i + 10. Let b be ((-4)/6)/(8/(-84)). Let s(k) = k**3 - 7*k**2 - k + 7. Let x be s(b). What is the units digit of j(x)?
0
Suppose -16*c = 25*c - 61582. What is the units digit of c?
2
Let y be (160/28 - 4)*7. Suppose -p = -4*p - 3*r - 9, -4*r - y = -4*p. Suppose p = -k + 2. What is the units digit of k?
2
Let h(m) = -3*m**3 + 5*m**2 - 4*m - 124. What is the units digit of h(-7)?
8
Suppose a + 185 = 6*a. Suppose 2*h + d = 52, -5*d + 135 = -h + 6*h. Let i = a - h. What is the units digit of i?
2
Let b(i) = 2*i**2 + 8*i + 6. Suppose 0 = -2*k + 4 - 16. Let z be (14/3)/(4/k). What is the units digit of b(z)?
8
What is the units digit of ((-28)/175*-15)/((-1)/(-270))?
8
Suppose 19*p + 385 = 26*p. What is the units digit of p?
5
Let a = 1183 + -712. What is the tens digit of (-2)/10*40/(-24)*a?
5
Suppose p - 191 = -48. Suppose y + 39 = p. What is the tens digit of y?
0
Suppose f - 3*b - 128 = 0, -2*f - 10*b + 9*b = -242. What is the units digit of f?
2
Let z(j) = j**2 + 4*j - 3. Let y be z(-5). Suppose 4*q = -5*f + 275, -q + 0*q = y*f - 71. What is the tens digit of q?
6
Let j be ((-3)/3 + 2)*32. Suppose 0 = -2*f + 2*w - 32, -2*w - j = 2*f + w. Let g = 28 + f. What is the units digit of g?
2
Let f(b) = 201*b - 261. What is the tens digit of f(6)?
4
Let q(d) = -9*d**2 - 2 + 82*d - 1 + d**3 - 2 - 73*d. Let y be q(8). Suppose -h - 40 = -y*l, 3*l = l + h + 25. What is the units digit of l?
5
Let u(x) = 6*x - 9. Suppose 6 = 2*v - 2. What is the units digit of u(v)?
5
Suppose -4*o = 116 - 3216. What is the units digit of o?
5
Let r = -10 + 13. Suppose 257 = 4*m + r*q + 32, 2*q + 10 = 0. What is the units digit of m?
0
Suppose -4*f = 4*s - 24, -7*f + 3*f - 3*s + 26 = 0. Suppose 0 = 4*l - f, -3*l - 2*l = -3*d + 308. What is the units digit of d?
6
Let x(c) = c - 4. Let s be x(8). What is the tens digit of (1 + -3 + -15)/((-2)/s)?
3
Suppose 0 = 4*u + 2*y - 1142, 2*u + 0*y = 4*y + 546. What is the units digit of u?
3
Suppose 0 = 3*f - 6*f + 9. Suppose 3 = g - c - 3, c = f*g - 12. Suppose 0 = -4*v - 4*h + 56, 5*h + 17 + g = v. What is the units digit of v?
5
Suppose 5*k + r - 11 = 0, 0*k = -3*k + 4*r + 25. Suppose -k*u = -251 + 56. What is the units digit of u?
5
Let a be -2*((-9)/(-2))/(-3). Suppose j - 5*v - 1 = 0, 0*j - 4*j + a*v + 21 = 0. What is the units digit of j + (5 - 2) + 3?
2
Suppose 25 - 5 = 5*d. What is the units digit of (d - (-72)/(-20)) + 1026/10?
3
Suppose 107*l - 79884 = 79*l. What is the tens digit of l?
5
Suppose 21*z = 12*z + 4122. What is the units digit of z?
8
Let d be (-6)/(-2) + 0 + 0. Suppose 0 = 2*t + d*t - 100. What is the units digit of 136/t*(-10)/(-4)?
7
Suppose -3*a = 6, 6*u + 2*a + 24 = 2*u. Let h(i) = 4*i - i**2 - 2*i**2 - i**3 - i**2. What is the units digit of h(u)?
5
Suppose -4*n + 28 = 32, -h = -2*n - 714. What is the units digit of h?
2
Let x be -327 - 0 - (-19 - -22). Let n = -221 - x. What is the units digit of n?
9
Suppose 3*h - 5 = 2*s, 5*s = -5*h + 31 + 19. Suppose 0 = -h*o - 12 + 17. What is the tens digit of (-34 - (-3 - o))*-2?
6
Let m be 9/(-12) - 1974/24. Let g = m + 133. What is the units digit of g?
0
Let y(j) = 7*j**2 - 2*j + 14. Let z(f) = f**2 - f. Suppose -2*c + 3*c = -3*n - 9, -c - 4 = -2*n. Let a(l) = c*z(l) + y(l). What is the tens digit of a(-8)?
4
Suppose 2*y - 115 = t, -6*y + 3*y + 174 = -2*t. Let j be 1 + 3 - (-4 + 10 - 4). Suppose -2*i + j*b + 44 = -y, 4*i + 4*b = 184. What is the units digit of i?
8
Suppose 208 = 2*i + 3*m, -2*i + 2*m + 2*m = -236. Suppose 5*n + i = 460. What is the units digit of n?
0
Let z = -20 + -2. Let y(d) = -2*d**3 - 43*d**2 + 13*d - 10. What is the tens digit of y(z)?
8
Suppose -799*t + 787*t = -9612. What is the tens digit of t?
0
Suppose 3*a + 2984 = 5*j, -5*a + 2 = 17. What is the tens digit of j?
9
Let l(u) = u**3 - 8*u**2 + 14*u - 44. What is the thousands digit of l(19)?
4
Let v(c) = -10*c + 23 - 5*c + 71*c - 2*c**2. What is the units digit of v(23)?
3
What is the hundreds digit of (440 - (-24)/6)/2?
2
Let d be 5/(-10) - (-154)/4. Let c = d - -36. What is the units digit of c?
4
Suppose 270 = -13*o + 16*o. Let x = o - -127. What is the hundreds digit of x?
2
Suppose 0 = -2*s + 5*v + 394, 0 = s + 4*v - 7 - 216. Let c = -84 + s. What is the units digit of c?
3
Let s be (121600/12)/8 - (-8)/6. Suppose -s = -3*n - n. What is the hundreds digit of n?
3
Let f(a) = -a**2 + 6*a + 2. Let b be f(7). What is the units digit of (-10059)/(-35) + (-1 - 3/b)?
7
What is the tens digit of 726/(-8)*(-132)/99?
2
Let m = -48 - -53. Let p(n) = n**2 - 4*n - 2. What is the units digit of p(m)?
3
Let k = -2315 + 4963. What is the hundreds digit of k?
6
Suppose z - 3*p + 35 = 0, 5*z + 4*p - 3*p = -175. Let x = -1 - 18. Let d = x - z. What is the tens digit of d?
1
Let q be (-205)/10 - (-3)/6. What is the units digit of (q + 18)*10/(-4)?
5
Let w be ((-36)/(-15))/((-5)/750). Let i = -245 - w. What is the tens digit of i?
1
Let o(a) = -3*a**3 - 10*a**2 - 6*a + 13. Let v(y) = 5*y + 3*y - y**3 - 5*y - 2*y + 1. Let q(x) = -o(x) + 2*v(x). What is the units digit of q(-8)?
3
Suppose 3*o - 88 + 22 = 0. Suppose -2*m = -5*i + o, -2 = -m - 5*i + 2. Let w = m + 11. What is the units digit of w?
5
Suppose -2*w - 2*w - i + 4 = 0, 1 = w - 4*i. Let a(x) = 47*x - 3. Let j be a(w). What is the tens digit of 8/j + (-757)/(-11)?
6
Let v(x) = 10 + 281*x**2 - x**3 - 274*x**2 + 6*x + x. Let z be v(8). Suppose 0 = f - 28 + z. What is the units digit of f?
6
Let s = -60 + 60. Suppose 2*q - 11 = 2*h - h, 0 = 2*q + 5*h + 7. Suppose -q*n + s*n = -100. What is the units digit of n?
5
Suppose -9*a + 9346 + 10229 = 0. What is the hundreds digit of a?
1
Let t(j) = -2*j + 6. Let r be t(-4). Suppose -r = 3*b - 4*x, -12 = -2*x - 2. Suppose 3*w - 30 = -b*w. What is the units digit of w?
6
Suppose 20 = -4*q + 2*q. Let o(u) = -7*u**2 - 14*u - 9. Let a(m) = 6*m**2 + 13*m + 9. Let f(p) = 6*a(p) + 5*o(p). What is the tens digit of f(q)?
2
Let v be (-4)/2 - (-2 - 11). Suppose v*w - 12*w = -45. What is the units digit of w?
5
What is the thousands digit of 54878/10 - ((-238)/(-35) + -6)?
5
Let j = -100 + 179. Suppose -n + 2*n = j. What is the units digit of n?
9
Suppose 2*c = -w - 76, -2*w + 2*c - 170 = -0*c. Let n = 155 + w. What is the tens digit of n?
7
Let z = -122 + 146. Suppose k - 3 - z = 0. What is the tens digit of k?
2
Let g = -548 + 389. Let o = -66 - g. What is the units digit of o?
3
Let j(s) = 36*s + 59. What is the tens digit of j(15)?
9
Suppose 199*i - 2*f = 204*i - 5697, -4*i + 4544 = 5*f. What is the tens digit of i?
4
Let b(o) = -131*o**3 + 2*o**2 - 6*o - 5. Let t be b(-3). Suppose 0 = -5*p, 0 = -4*f + 3*p + t + 2620. What is the units digit of f/51 + 2/3?
1
Suppose -7 = -3*u + 11. Let p(s) = 2*s - 13. Let g be p(u). What is the tens digit of g*28*(-3)/4?
2
Suppose 0 = 3*q - 3*b + 9, -q - q - 2*b - 6 = 0. Let g be (q + (3 - -12))*-1. What is the tens digit of (-788)/g - (-4)/(-6)?
6
Let d be (3/9)/(3/45). Let l(g) = 3*g. Let i be l(d). What is the units digit of (84/i)/(2/5)?
4
Let q(g) = -1679*g - 243. What is the thousands digit of q(-3)?
4
Suppose 0 = -13*i - 440 - 1289. Let t = 337 + i. What is the tens digit of t?
0
Suppose -3*h - 3 = 0, -8*s + 3*s - 378 = 3*h. Let y be (-30)/s + (-4)/10. Suppose 2*q + y*l - l - 3 = 0, 2*q + l = 5. What is the units digit of q?
2
Suppose 0 = 11*t + 7*t - 47232. What is the thousands digit of t?
2
Suppose -5*y = -h + 25, 2*h - y = 5*h - 11. Suppose -h*f + f = 0. What is the units digit of f + -1 + 26 + 1?
6
Let c = 106 + -92. Let h = -48 - -86. Let i = h - c. What is the tens digit